 divisor of 628023 and 264.
33
What is the highest common factor of 689934718 and 12892?
6446
Calculate the greatest common factor of 1547463 and 138621.
2829
What is the greatest common divisor of 540 and 174921795?
135
What is the highest common divisor of 650 and 31001100?
650
Calculate the highest common divisor of 342842 and 820902.
82
Calculate the greatest common factor of 178092 and 554472.
1836
Calculate the greatest common divisor of 313391 and 56.
1
What is the highest common factor of 11765018 and 6?
2
Calculate the highest common divisor of 307883 and 117764.
499
Calculate the highest common divisor of 3782279 and 1054.
527
What is the highest common divisor of 4335066 and 408?
6
What is the highest common factor of 18289152 and 144?
144
What is the greatest common factor of 94879 and 202969?
1201
What is the highest common factor of 21740 and 14535364?
4348
Calculate the greatest common factor of 717947 and 40846.
1571
What is the highest common factor of 4240776 and 840?
24
What is the highest common divisor of 33680 and 1353515?
2105
What is the greatest common divisor of 9542742 and 142104?
1146
What is the highest common divisor of 1845607 and 586?
293
What is the greatest common divisor of 57774485 and 9185?
835
What is the highest common divisor of 193096 and 20?
4
What is the greatest common divisor of 6894 and 22528826?
766
Calculate the greatest common divisor of 18688 and 186734.
146
What is the greatest common factor of 9504 and 2291832?
72
Calculate the greatest common factor of 29918 and 1157758.
14
What is the highest common factor of 2402829 and 74217?
429
What is the greatest common factor of 820 and 7232236?
164
Calculate the greatest common divisor of 3290 and 124903205.
1645
Calculate the highest common divisor of 19335358 and 6523.
593
What is the greatest common divisor of 6784 and 122006?
106
What is the highest common factor of 2709 and 3012107?
301
What is the highest common divisor of 237177 and 56867?
1387
Calculate the highest common factor of 237 and 55609127.
79
Calculate the highest common factor of 28710801 and 189.
189
Calculate the highest common factor of 102672 and 467.
1
Calculate the highest common divisor of 21964 and 24497.
17
Calculate the greatest common factor of 1051550 and 250.
50
What is the greatest common factor of 9480 and 133680?
120
Calculate the highest common divisor of 331800 and 658.
14
Calculate the highest common factor of 1419900 and 10000.
100
Calculate the highest common factor of 33680 and 1761885.
2105
Calculate the highest common divisor of 703270875 and 13375.
13375
Calculate the greatest common divisor of 11747729 and 2666.
1333
What is the greatest common divisor of 280 and 258851460?
140
Calculate the highest common factor of 542 and 74478388.
542
Calculate the highest common divisor of 240 and 495670.
10
Calculate the greatest common divisor of 4415803 and 650206.
2153
Calculate the highest common divisor of 24179208 and 48.
24
What is the greatest common factor of 68297337 and 15552?
243
Calculate the highest common factor of 39478503 and 3.
3
What is the greatest common divisor of 10698798 and 1188?
66
Calculate the highest common divisor of 1421728 and 85316.
308
What is the highest common factor of 3027186 and 7198?
122
Calculate the highest common factor of 190 and 516078.
38
What is the highest common factor of 385473340 and 12488?
6244
Calculate the highest common divisor of 279 and 1436912.
31
Calculate the greatest common divisor of 39944 and 1176.
8
Calculate the highest common factor of 10287 and 11979.
9
What is the greatest common divisor of 308200 and 1608?
536
What is the highest common divisor of 1523224 and 248?
8
Calculate the highest common factor of 675047 and 9959.
433
What is the highest common divisor of 3977 and 8904988?
97
Calculate the greatest common divisor of 113577 and 69954.
393
Calculate the greatest common divisor of 9149841 and 258.
129
Calculate the greatest common divisor of 103569 and 10249697.
1817
Calculate the highest common factor of 27 and 419205.
3
Calculate the highest common divisor of 2561612442 and 69.
69
What is the greatest common divisor of 12336291 and 94251?
1059
What is the greatest common divisor of 143094 and 37542?
6
Calculate the highest common factor of 1148 and 5498059.
287
What is the highest common factor of 5317389 and 28?
7
Calculate the highest common divisor of 46385684 and 4.
4
What is the highest common divisor of 9897594 and 217759?
2983
What is the greatest common divisor of 9512 and 930?
2
What is the highest common divisor of 160085 and 1015?
5
Calculate the greatest common divisor of 13610034 and 1980.
18
What is the greatest common divisor of 8528 and 20529028?
2132
What is the highest common divisor of 38256 and 45048?
24
Calculate the greatest common divisor of 167863 and 239.
1
Calculate the highest common factor of 260 and 1485185.
65
Calculate the greatest common factor of 25605529 and 1154.
577
Calculate the highest common factor of 1683775 and 3622525.
1175
What is the greatest common factor of 267049406 and 676?
338
What is the highest common divisor of 175 and 24613295?
35
Calculate the highest common factor of 1008 and 837576.
72
What is the greatest common divisor of 104 and 4458304?
8
Calculate the greatest common factor of 4624 and 127279.
17
Calculate the highest common factor of 15962 and 3957535.
347
Calculate the highest common factor of 428 and 17519324.
428
Calculate the greatest common factor of 93896659 and 1.
1
Calculate the greatest common factor of 21230418 and 2904.
726
Calculate the highest common divisor of 40414093 and 302.
151
What is the highest common divisor of 221 and 49059127?
221
Calculate the greatest common divisor of 6705168 and 26567.
857
What is the greatest common factor of 65940435 and 1980?
495
Calculate the greatest common divisor of 6024 and 401478516.
3012
What is the greatest common factor of 75 and 11512850?
25
Calculate the greatest common divisor of 44 and 2043140.
44
Calculate the highest common factor of 21502154 and 66518.
842
Calculate the highest common divisor of 19161 and 28296.
9
Calculate the greatest common divisor of 2736 and 60098634.
342
Calculate the highest common divisor of 2704030838 and 7646.
7646
What is the highest common factor of 46762580 and 340?
340
Calculate the greatest common factor of 25007 and 3517161.
1471
What is the highest common factor of 330238021 and 19235?
3847
What is the highest common factor of 663 and 362309831?
221
What is the highest common divisor of 1206 and 2274918?
402
What is the greatest common divisor of 22947395 and 20?
5
Calculate the greatest common divisor of 630296651 and 3932.
983
What is the highest common factor of 16410 and 41310?
30
Calculate the greatest common divisor of 560211 and 1725.
69
What is the greatest common divisor of 308 and 718883?
11
Calculate the greatest common divisor of 1463 and 22102073.
133
Calculate the highest common factor of 54 and 158244354.
54
Calculate the highest common factor of 17744685 and 170.
85
Calculate the greatest common factor of 3104 and 1324640.
32
Calculate the highest common divisor of 399653 and 2703.
17
Calculate the greatest common factor of 327215 and 47215.
35
What is the greatest common factor of 4323 and 194634?
33
What is the highest common factor of 6972858 and 54?
54
Calculate the highest common factor of 94617362 and 8806.
518
What is the highest common factor of 4888 and 16219606?
1222
What is the greatest common factor of 189 and 217399?
7
What is the greatest common divisor of 205 and 122137975?
205
Calculate the highest common divisor of 3525 and 152045.
235
Calculate the greatest common divisor of 10229910 and 15990.
1230
What is the highest common divisor of 110044732 and 3416?
1708
What is the highest common divisor of 477 and 1370718?
9
Calculate the greatest common divisor of 7360 and 13216352.
736
Calculate the highest common factor of 2144 and 213235540.
268
What is the highest common factor of 104195 and 2006095?
455
Calculate the greatest common divisor of 2853820 and 248.
4
What is the greatest common divisor of 14190 and 339055?
215
What is the greatest common divisor of 3851688 and 144?
24
Calculate the highes